+ 10 = 0. Let v(h) = 0 + n + 2*h. Let x(a) = a**3 - a**2 + 2. Let g be x(0). Give v(g).
4
Let f(d) = 2*d - 7. Suppose 2*q = -5*z + 39, 4 = 2*z + 4*q - 2. Suppose 0*i - 2 = -2*i, i - z = 4*r. Let c be (-1)/((-9)/(-5) + r). Give f(c).
3
Suppose -3*c + 4 = -3*k + 22, -4*k = -16. Let a = 5 + -3. Let u(o) = o - o - a + o. What is u(c)?
-4
Let v(y) = y**2 - 3*y + 1. Let c(k) = -2*k**2 + 5*k - 3. Let p(s) = 2*c(s) + 5*v(s). Let x(u) = u**3 - 4*u**2 - 4*u - 1. Let o be x(5). What is p(o)?
-5
Let r be ((-4)/7)/((-4)/14). Let o(w) = 3*w**2 + 2*w**3 - 1 + w - w**3 - 3*w**2 - w**r. Let f be o(2). Let c(i) = i**3 - 5*i**2 - i + 4. Give c(f).
-1
Let h(r) = r**3 + 5*r**2 + r + 5. Let w = -6 + 7. Let c(y) = -4*y**3 - y. Let s be c(w). Calculate h(s).
0
Let c(g) = -g**3 - 4*g**2 - 3*g - 1. Let f(o) = o**3 + 5*o**2 - o - 4. Let b be f(-5). Let w = b - 3. Give c(w).
-3
Let f(z) = -3*z. Let k(j) be the third derivative of j**6/120 - j**5/12 - 5*j**4/24 - j**3 - 2*j**2. Let t be k(6). Suppose -5*v - 7 - 3 = t. Calculate f(v).
6
Let o(l) = l**2 - 2. Let a(j) = -2*j**3 - 3*j + 3*j**3 + 3*j**2 + 3*j. Let m be a(-3). Calculate o(m).
-2
Let h(j) be the second derivative of -1/6*j**3 + 0*j**4 + 0 + 1/20*j**5 + 1/2*j**2 - 7*j. Calculate h(1).
1
Let d(q) = 7*q - 3. Let z(b) = 8*b + 44. Let h be z(-5). Calculate d(h).
25
Let x(w) be the first derivative of 0*w**4 + 1/2*w**2 + 0*w - 1/120*w**6 + 1 + 0*w**5 - 1/6*w**3. Let k(z) be the second derivative of x(z). Calculate k(0).
-1
Let n(m) = -m - 1. Let g(t) = -6*t - 1. Let a(h) = -g(h) + 5*n(h). Give a(-7).
-11
Let h(a) = -5*a + 3. Let v(c) = -11*c + 7. Let k(o) = 13*h(o) - 6*v(o). Suppose -4*s = y - 14, -s - 3*s = 3*y - 18. Determine k(y).
-1
Let h(d) = -9*d**2 + 1. Let b be 0/(-4) - -1 - 3. Let l(f) = -f**2. Let s(o) = b*l(o) + h(o). Determine s(1).
-6
Let m(p) = p**2 + 4*p - 1. Suppose -4 = -3*q + 4*q. Let f be m(q). Let k(n) be the first derivative of -n**4/4 - n**3/3 + n**2/2 + n - 1. Calculate k(f).
0
Let q(p) = -2*p - 5. Let l = 8 + -6. Suppose -5*v - 30 = -0. Let k = v + l. Calculate q(k).
3
Let n(x) = -57 + 24 + 31 - 4*x**2 + 3*x**2 + 10*x. What is n(5)?
23
Suppose -3*o = -o. Let p(i) = 3*i**2 + 0*i**3 - 1 - i + o + i**3 - 2*i. Determine p(-3).
8
Suppose 4*z - 1 = 3. Suppose -5*a = z - 6. Let x(f) = -4*f**3 + f. Calculate x(a).
-3
Let p(i) = -5*i**2 + 12*i + 7. Let x(w) = 3*w**2 - 8*w - 5. Let v(k) = -5*p(k) - 8*x(k). Let r(y) = -2*y**2 + 20*y - 36. Let u be r(8). Determine v(u).
5
Let q(k) = k + 4. Let y be ((-4)/5)/(28/350). What is q(y)?
-6
Let n be (-2)/4 + 4/8. Suppose -3*p + n*p = 6. Let o(s) = -s + 1. Determine o(p).
3
Let u(v) = -5*v - 1 + 1 + 0 - 1. Suppose 0*x + x - 24 = -5*r, 4*r - 19 = -x. Give u(x).
4
Let s(a) = -a + 1. Let d be s(-4). Let y(w) = 0 + w + d - 4. Let x be (-1 - 1) + -1 + 1. Calculate y(x).
-1
Let j = 22 + -18. Let m(i) = 8*i - i - j*i. Determine m(2).
6
Let a(t) = t**2 - 7*t - 7. Let m be ((-5)/(-4))/((-3)/(-12)). Give a(m).
-17
Let a be (-1 - 0) + -1 + 1. Let z(g) = -4*g**2. Let y be z(a). Let x(s) be the second derivative of s**3/6 - s**2/2 + 4*s. What is x(y)?
-5
Let o(k) = -8*k**2 - 1 + 0*k**2 + 4*k - 2*k. Suppose 20*q + 5 = 25*q. Give o(q).
-7
Let x(j) = 4*j - 1. Let n(a) = a + 5. Let i be n(-6). What is x(i)?
-5
Let g(l) = l**3 + 6*l**2 + 2*l + 9. Let n be ((-12)/(-10))/(6/20). Let c be (0 - -2) + n/(-2). Suppose 0 = -4*h - 20, 5*r - 3*h = -c*h - 15. Calculate g(r).
-3
Let c(l) = -2*l**2 - 2*l - 3. Let f(v) = -6*v - 69. Let y be f(-11). Determine c(y).
-15
Suppose 3*h + 11 = a + 7*h, -4*a = -h + 7. Let s(k) = -5*k**3 - k**2 - 2*k - 1. Give s(a).
5
Suppose 4*o - 107 = -4*j - 3, 118 = 5*o - j. Suppose 3*f = -f + o. Let n(c) = c + 3. What is n(f)?
9
Let u(s) = s**2 + 8*s**2 - 2*s**2. Let y(g) = -4*g**2 + 4*g - 1. Let c(p) = -5*p**2 + 4*p - 2. Let z(a) = 5*c(a) - 6*y(a). Let q be z(-3). What is u(q)?
7
Suppose -c - 7 = 2*w, -11*w - 5 = -5*c - 13*w. Let i(b) = b - 3. Calculate i(c).
0
Suppose 18 = t + 17. Let v(w) = -w**3 + w. Calculate v(t).
0
Let u(v) = v**2 - v - 1. Let k = -12 + 10. Determine u(k).
5
Suppose 3*y - 1 = -5*k, 0 = -5*k + 4*y + 9 + 13. Let p(z) be the first derivative of -z**4/4 + 2*z**3/3 - 3*z**2/2 - 28. Calculate p(k).
-6
Let t = -7 - -10. Suppose -t*p - 3 = -6. Let l(j) = 5 - 3 - 1 - 6*j. Calculate l(p).
-5
Let v(b) = 13*b**3 - 2*b + 1. Suppose -4*w + 7 = -9. Suppose g - 7 = w*c - c, 5*c = 3*g - 13. Calculate v(g).
12
Let i(f) = -6*f**2 - 9*f + 5. Let t(r) = r**2 + 2*r - 1. Let c(u) = 2*i(u) + 11*t(u). Let l(j) = -j + 4. Let q be l(-5). Let m = 14 - q. Give c(m).
-6
Let o(u) = u**3 - 3*u**2 - 5*u + 4. Let k = -49 - -53. Give o(k).
0
Let o(h) = 4*h + 3. Let m(a) = -5*a + 5. Let g(w) = 6*w - 6. Let j(p) = 4*g(p) + 5*m(p). Let x(c) = 2*j(c) - o(c). Determine x(-1).
5
Let g = -185 - -185. Let y(z) = z**2 + z - 12. Calculate y(g).
-12
Let u be -5*(-8)/60*6. Let q(r) = -r**3 - 2*r**2 - 5*r + 2. Let s(w) = w**3 + w**2 + 4*w - 1. Let a(i) = -5*q(i) - 6*s(i). Give a(u).
0
Let p(l) = 0 + 0 - 5*l + 6*l. Let w(d) = -d + 12. Let z be w(6). Give p(z).
6
Let n = 3 + -8. Let g(t) be the first derivative of -t**2 - 2*t + 3. Calculate g(n).
8
Let b(v) = -v - 2. Suppose -5*u - 18 = 12. Let g be b(u). Let m(h) = -g*h + 0*h + 3*h + h**3 - h**2 - 1. Calculate m(2).
1
Suppose 6*l = -4*l - 60. Let r(w) = w**2 + 9*w + 9. Determine r(l).
-9
Let r(q) = -q**3 - 4*q**2 - 3. Let u be (-5)/(6*4/24). Give r(u).
22
Let r(d) = -5*d**3 + 24*d**2 + 11*d + 4. Let m be (-3 - -6)*(-4)/(-6). Let y(f) = -f**3 + 6*f**2 + 3*f + 1. Let s(g) = m*r(g) - 9*y(g). Determine s(-5).
-1
Let v(s) = -4*s**2 + s - 1. Let d(g) = -g**3 - g**2 - 1. Let t be d(-2). Suppose 0*o - 3*k - 23 = -2*o, -3*o = 4*k + 8. Suppose o*z = t*z + 1. Determine v(z).
-4
Suppose -3*n - 4 = o, 0*o + o + 2*n = -2. Let r be (3/3 + 2)/(-1) - -11. Suppose -r = o*h - 0, 3*h = -2*i - 4. Let v(c) = c**3 - 4*c**2 - 3. Give v(i).
-3
Let n(r) = 2*r**2. Suppose -w + q = 2, 9*q - 4*q = 15. Let i be n(w). Let j(z) = 3*z + 4*z**2 - 2*z**3 - 2*z**2 + z - 3*z. Determine j(i).
-6
Let l(k) = -k**3 + k**2 + k - 1. Let g(y) = 6*y**3 - 12*y**2 - 12*y + 2. Let a(c) = -g(c) - 5*l(c). Give a(8).
-5
Let g be ((-6)/(-12))/((-1)/2). Let a be (-6 + 8)/(g - 0). Let k(i) = 3*i + 2. Determine k(a).
-4
Let w(n) = n**3 - 1 - n**2 + 2*n + n - 3*n. Let v(g) = -5*g**3 + 9*g**2 + 4*g + 11. Let r(m) = v(m) + 4*w(m). Let c(t) = -t - 1. Let d be c(-7). Give r(d).
-5
Let o(x) = x**2 - 7*x - 2 + 3*x + 5*x + 4*x. Calculate o(-6).
4
Let v(r) be the second derivative of 2*r**3/3 + r**2/2 + 3*r. Give v(-3).
-11
Let p(k) = -k**3 - 3. Let q = 0 - -13. Suppose -3 = h - q. Suppose -5*c = -3*a - 10, -2*a + 5*c - h = -a. Determine p(a).
-3
Let g(o) be the first derivative of -5*o**2/2 - 10. Determine g(2).
-10
Let n = 5 - -1. Let o = -5 + n. Let s(t) = 7*t - 1. What is s(o)?
6
Let m be ((-1)/(-2))/(8/(-16)). Let s(i) = -4*i**3 - 1. Determine s(m).
3
Let c(z) = -2*z**2 - 2*z + 4. Let b(m) = 4*m**3 + m**2 + m + 1. Let k be b(-1). Calculate c(k).
-8
Let m(o) = -6*o + 13*o - 3*o + 2 - 6. Give m(-5).
-24
Let p be (-3)/(-6) - (-3)/(-6). Let x(c) = 3*c - 8*c - 9*c + 1 + p. Determine x(1).
-13
Let k(l) = -l - 19. Let y be k(-15). Let z(h) be the second derivative of h**4/12 + h**3/2 - h**2 - h. Determine z(y).
2
Let v(w) = w + 1. Let d(t) = t**3 + t**2 + t + 3. Let q(r) = -d(r) + v(r). Suppose 0 = -0*l - l + 3. Suppose 0 = -4*p - l*z + z, -p = -z. Calculate q(p).
-2
Let s be (2*1)/(-2)*-5. Let g(y) = 9*y**2 - 5*y + 17. Let t(o) = -5*o**2 + 3*o - 9. Let r(i) = -6*g(i) - 11*t(i). Determine r(s).
7
Let h(k) be the third derivative of 1/6*k**3 - 1/15*k**5 + 0 + 0*k**4 + 7*k**2 + 0*k. Determine h(-1).
-3
Let d(o) = 4*o**2 - 13*o - 1. Let v(b) = -5*b**2 + 14*b + 1. Let a(k) = 6*d(k) + 5*v(k). Calculate a(-8).
-1
Let t(b) = 7. Let r(g) = -1. Let j(p) = 5*r(p) + t(p). Let n(f) = -f + 1. Let q(h) = -j(h) + 2*n(h). What is q(-2)?
4
Let y(g) = -g + 6. Let u be 3/6*(1 - -21). Let m = u - 5. Determine y(m).
0
Let q(n) = -n**3 - 9*n**2 - 9*n - 4. Let l be q(-8). Let v(u) = -2 + u - l*u - 4. Let k be 2/8 + (-51)/12. What is v(k)?
6
Let a(t) = -4*t + 3. Suppose -2*k - 4 = 2*k. Let y = k - -4. What is a(y)?
-9
Let a(i) = -10*i - 6 + 1 + 7*i + 9*i. Give a(-4).
-29
Let w(m) be the third derivative of -1/6*m**3 + 0*m 